
What is the remainder when 2630231 is divided by 3851?
3849
Calculate the remainder when 16724 is divided by 8308.
108
Calculate the remainder when 20324 is divided by 2454.
692
Calculate the remainder when 13192159 is divided by 10.
9
Calculate the remainder when 5208987 is divided by 3301.
9
What is the remainder when 166205 is divided by 41533?
73
Calculate the remainder when 5286837 is divided by 1183.
10
What is the remainder when 5030136 is divided by 73?
71
Calculate the remainder when 2273526 is divided by 888.
246
What is the remainder when 420137 is divided by 944?
57
Calculate the remainder when 29630288 is divided by 421.
308
Calculate the remainder when 72700 is divided by 730.
430
What is the remainder when 54816100 is divided by 81?
79
Calculate the remainder when 2330132 is divided by 55.
2
What is the remainder when 289047 is divided by 2467?
408
Calculate the remainder when 24715707 is divided by 879.
864
What is the remainder when 219514 is divided by 224?
218
What is the remainder when 8126056 is divided by 1160865?
1
What is the remainder when 896016 is divided by 80?
16
Calculate the remainder when 45882 is divided by 61.
10
Calculate the remainder when 226665 is divided by 44759.
2870
Calculate the remainder when 197558 is divided by 31655.
7628
Calculate the remainder when 224512 is divided by 2594.
1428
Calculate the remainder when 1079747 is divided by 1897.
354
What is the remainder when 12418778 is divided by 4139592?
2
Calculate the remainder when 1325509 is divided by 11525.
134
What is the remainder when 595158 is divided by 8881?
131
What is the remainder when 7241061 is divided by 13?
9
Calculate the remainder when 2910115 is divided by 11878.
5
Calculate the remainder when 83165 is divided by 41566.
33
What is the remainder when 63828 is divided by 10519?
714
What is the remainder when 5148331 is divided by 27383?
327
What is the remainder when 161604830 is divided by 161604816?
14
What is the remainder when 23476 is divided by 21760?
1716
What is the remainder when 375909 is divided by 60?
9
Calculate the remainder when 181646 is divided by 518.
346
Calculate the remainder when 73740414 is divided by 226.
4
Calculate the remainder when 1817855 is divided by 1.
0
What is the remainder when 142902 is divided by 15872?
54
What is the remainder when 214812 is divided by 6489?
675
What is the remainder when 4719278 is divided by 843?
164
Calculate the remainder when 287782 is divided by 11511.
7
Calculate the remainder when 574340582 is divided by 445.
442
Calculate the remainder when 1279930 is divided by 2805.
850
What is the remainder when 3434671 is divided by 1717334?
3
What is the remainder when 22812 is divided by 20834?
1978
Calculate the remainder when 2173311 is divided by 135772.
959
What is the remainder when 9580949 is divided by 755?
754
Calculate the remainder when 1465635 is divided by 40.
35
Calculate the remainder when 72760725 is divided by 1505.
1500
Calculate the remainder when 8596 is divided by 4227.
142
What is the remainder when 2132341 is divided by 1144?
1069
What is the remainder when 7082059 is divided by 29?
27
What is the remainder when 1758169 is divided by 878935?
299
What is the remainder when 630345 is divided by 9690?
495
What is the remainder when 17826544 is divided by 8554?
8
What is the remainder when 53060 is divided by 10569?
215
What is the remainder when 1867038 is divided by 1492?
546
What is the remainder when 18532236 is divided by 54829?
34
What is the remainder when 9010 is divided by 220?
210
What is the remainder when 3009167 is divided by 155?
152
What is the remainder when 5736329 is divided by 956052?
17
What is the remainder when 46594839 is divided by 21?
18
Calculate the remainder when 32357476 is divided by 441.
424
Calculate the remainder when 832261 is divided by 277383.
112
What is the remainder when 477273 is divided by 2190?
2043
Calculate the remainder when 20177508 is divided by 9757.
32
Calculate the remainder when 13011825 is divided by 1502.
1501
Calculate the remainder when 1613381338 is divided by 2085.
2083
Calculate the remainder when 287247 is divided by 7003.
124
Calculate the remainder when 4278752 is divided by 1426158.
278
Calculate the remainder when 554432 is divided by 184770.
122
Calculate the remainder when 65247236 is divided by 99.
98
What is the remainder when 203777 is divided by 6789?
107
Calculate the remainder when 13140733 is divided by 173.
172
What is the remainder when 17233 is divided by 258?
205
Calculate the remainder when 1826135 is divided by 847.
3
What is the remainder when 810605202 is divided by 1635?
1632
Calculate the remainder when 84481199 is divided by 1550.
1549
What is the remainder when 1258314 is divided by 13?
5
What is the remainder when 11025976 is divided by 19?
10
What is the remainder when 827289 is divided by 869?
1
Calculate the remainder when 1828621 is divided by 2654.
15
What is the remainder when 7541055 is divided by 368?
367
What is the remainder when 28122847 is divided by 573935?
32
Calculate the remainder when 1988110 is divided by 14832.
622
What is the remainder when 407427 is divided by 67886?
111
What is the remainder when 2037418 is divided by 1417?
1189
Calculate the remainder when 33806 is divided by 1203.
122
Calculate the remainder when 17804784 is divided by 372.
120
What is the remainder when 190721 is divided by 190510?
211
Calculate the remainder when 92020 is divided by 5099.
238
What is the remainder when 67214 is divided by 66555?
659
Calculate the remainder when 6027734 is divided by 177286.
10
What is the remainder when 250662 is divided by 473?
445
What is the remainder when 1601802 is divided by 304?
26
What is the remainder when 104716618 is divided by 87?
25
Calculate the remainder when 5930282 is divided by 556.
542
What is the remainder when 18399086 is divided by 2861?
2856
What is the remainder when 212528 is divided by 303?
125
Calculate the remainder when 3924060 is divided by 1962012.
36
Calculate the remainder when 9946 is divided by 1406.
104
What is the remainder when 8726473 is divided by 2908824?
1
Calculate the remainder when 1192499 is divided by 238490.
49
Calculate the remainder when 15203790 is divided by 25.
15
What is the remainder when 26974 is divided by 1049?
749
Calculate the remainder when 7860464 is divided by 150.
14
Calculate the remainder when 129989 is divided by 2707.
53
Calculate the remainder when 1795635048 is divided by 1595.
1593
Calculate the remainder when 65546 is divided by 3297.
2903
What is the remainder when 70781 is divided by 4163?
10
Calculate the remainder when 36115713 is divided by 435129.
6
What is the remainder when 328989 is divided by 1495?
89
Calculate the remainder when 4363034 is divided by 1628.
1622
Calculate the remainder when 28760882 is divided by 20796.
14
What is the remainder when 47528 is divided by 1187?
48
What is the remainder when 6900491 is divided by 1050?
941
What is the remainder when 123234 is divided by 336?
258
Calculate the remainder when 526233574 is divided by 11.
9
What is the remainder when 6918179 is divided by 1221?
1214
What is the remainder when 2622216 is divided by 154248?
0
Calculate the remainder when 506300 is divided by 530.
150
Calculate the remainder when 1211353826 is divided by 1706.
1702
Calculate the remainder when 5719282 is divided by 714910.
2
Calculate the remainder when 151199 is divided by 151107.
92
Calculate the remainder when 7490287 is divided by 1999.
34
What is the remainder when 3997639 is divided by 133253?
49
What is the remainder when 277589794 is divided by 183?
22
What is the remainder when 55248975 is divided by 340?
335
Calculate the remainder when 4904758 is divided by 4904747.
11
Calculate the remainder when 452505 is divided by 50.
5
Calculate the remainder when 1110288 is divided by 171.
156
Calculate the remainder when 74327 is divided by 448.
407
What is the remainder when 6499311 is divided by 95?
76
Calculate the remainder when 186220384 is divided by 18.
16
Calculate the remainder when 23467506 is divided by 9.
6
Calculate the remainder when 74051 is divided by 764.
707
What is the remainder when 11488048 is divided by 36939?
19
Calculate